ert -16422 (base 8) to base 15.
-2312
Convert 110022 (base 4) to base 3.
1202210
357 (base 12) to base 8
763
445 (base 8) to base 11
247
Convert -ac33 (base 15) to base 12.
-19156
12256 (base 8) to base 6
40302
Convert -11a09 (base 13) to base 10.
-32457
35503 (base 8) to base 11
10442
4010 (base 5) to base 12
361
Convert -101100111 (base 2) to base 12.
-25b
What is -1102121 (base 3) in base 15?
-497
What is -13aa1 (base 12) in base 10?
-27481
What is -1ab (base 16) in base 13?
-26b
What is 4032 (base 7) in base 2?
10101110011
-11010110001110 (base 2) to base 14
-4dd4
What is 7024 (base 9) in base 14?
1c21
What is -240 (base 11) in base 16?
-11e
What is -103203 (base 4) in base 9?
-1640
What is -3046 (base 7) in base 16?
-427
What is 3832 (base 12) in base 6?
45302
Convert -b6e (base 15) to base 7.
-10343
Convert 407 (base 9) to base 11.
281
Convert 5247 (base 8) to base 4.
222213
-31132 (base 4) to base 10
-862
Convert -220023 (base 4) to base 11.
-1a28
3104 (base 7) to base 12
762
8003 (base 10) to base 11
6016
What is -17526 (base 8) in base 2?
-1111101010110
-729a (base 12) to base 6
-133514
-59c2 (base 15) to base 12
-b062
What is 11200011 (base 3) in base 13?
1720
480 (base 11) to base 14
2cc
Convert -456 (base 7) to base 13.
-153
Convert 70a5 (base 13) to base 11.
10724
Convert -4913 (base 11) to base 7.
-24511
-2788 (base 12) to base 5
-121233
Convert -3122 (base 7) to base 6.
-5022
Convert 1ec (base 15) to base 5.
3242
136464 (base 7) to base 14
9834
Convert 16115 (base 8) to base 4.
1301031
-1222 (base 8) to base 2
-1010010010
Convert 110121122 (base 3) to base 7.
35546
What is -4cc (base 15) in base 9?
-1443
Convert -8a0c (base 14) to base 12.
-11a18
Convert 46b (base 15) to base 7.
2630
4d08 (base 14) to base 3
200120012
-114 (base 10) to base 12
-96
12303 (base 4) to base 5
3220
100011101010011 (base 2) to base 4
10131103
What is -2208 (base 9) in base 2?
-11001011100
Convert -19561 (base 10) to base 6.
-230321
What is 1011 (base 9) in base 16?
2e3
What is -352 (base 15) in base 16?
-2f0
-829 (base 15) to base 2
-11100101111
Convert -1172 (base 14) to base 15.
-d7a
7637 (base 9) to base 12
3307
Convert 313620 (base 7) to base 13.
1b861
Convert 100010011011010 (base 2) to base 6.
213334
What is 1654 (base 15) in base 4?
1023010
61 (base 10) to base 14
45
What is 16c7 (base 15) in base 2?
1001100110000
Convert -303 (base 8) to base 5.
-1240
330100 (base 4) to base 11
2996
What is 1ee (base 16) in base 10?
494
What is -31103122 (base 4) in base 5?
-3220430
What is -1561 (base 9) in base 15?
-544
14c3 (base 16) to base 5
132230
Convert 145321 (base 7) to base 15.
85ad
Convert -39 (base 12) to base 3.
-1200
110320 (base 4) to base 10
1336
-138 (base 16) to base 10
-312
b45 (base 16) to base 5
43020
Convert -6066 (base 7) to base 2.
-100000111010
-37a27 (base 11) to base 8
-152317
What is -2a4 (base 12) in base 14?
-216
What is 3306 (base 9) in base 15?
ac6
What is -842 (base 10) in base 3?
-1011012
What is 3a89 (base 14) in base 9?
15128
2447 (base 8) to base 3
1210212
Convert -1757 (base 8) to base 9.
-1338
2012200 (base 3) to base 7
4461
-2220022 (base 3) to base 9
-2808
-108c4 (base 13) to base 3
-1112020211
33115 (base 7) to base 2
10000001100101
What is 1ab (base 14) in base 15?
182
-2b2 (base 12) to base 10
-422
What is 111110000 (base 2) in base 6?
2144
What is 500 (base 16) in base 5?
20110
Convert -54 (base 10) to base 15.
-39
-29486 (base 12) to base 4
-32011212
Convert 15dd (base 16) to base 9.
7608
Convert 203044 (base 5) to base 6.
50441
Convert 34450 (base 8) to base 11.
aaa2
Convert -1010110011 (base 2) to base 8.
-1263
Convert -9b4 (base 12) to base 7.
-4114
-542 (base 6) to base 3
-21122
What is 477 (base 9) in base 10?
394
What is -16295 (base 12) in base 8?
-75421
What is 10001101 (base 3) in base 11?
1742
-1e0 (base 16) to base 2
-111100000
-22202211 (base 3) to base 12
-384a
What is -8416 (base 10) in base 4?
-2003200
-703 (base 15) to base 11
-1205
Convert -42520 (base 6) to base 2.
-1011010110000
What is 2979 (base 12) in base 10?
4845
Convert 932 (base 10) to base 16.
3a4
Convert 302233 (base 4) to base 9.
4407
434 (base 12) to base 5
4431
Convert ce5 (base 15) to base 16.
b63
-1b4 (base 14) to base 9
-433
Convert 21203 (base 8) to base 7.
34521
What is 3113 (base 5) in base 3?
120010
What is 4388 (base 15) in base 8?
33737
Convert -332 (base 9) to base 7.
-536
Convert 64a (base 12) to base 10.
922
What is 5371 (base 8) in base 10?
2809
Convert 16169 (base 13) to base 7.
233306
What is -111111022 (base 3) in base 14?
-3828
What is -3111 (base 5) in base 14?
-210
18037 (base 9) to base 15
3a37
11121001 (base 3) to base 9
4531
What is 200000112 (base 3) in base 6?
140452
-1303113 (base 5) to base 9
-37761
-5324 (base 16) to base 15
-648e
What is -100112110 (base 3) in base 5?
-210301
Convert -132635 (base 9) to base 13.
-2a974
-1021134 (base 5) to base 7
-100456
Convert -6887 (base 10) to base 14.
-271d
What is -3212002 (base 5) in base 8?
-151362
-e1 (base 15) to base 13
-133
What is 946 (base 13) in base 16?
62b
Convert -1bab (base 14) to base 16.
-13bb
Convert 44304 (base 5) to base 6.
22131
50a7 (base 11) to base 4
1221310
What is 20210 (base 3) in base 7?
351
What is -ad (base 15) in base 16?
-a3
What is 451 (base 9) in base 14?
1c6
Convert -c84a (base 13) to base 16.
-6c82
What is -1a4a5 (base 12) in base 6?
-455125
241c (base 16) to base 13
4291
What is -42472 (base 8) in base 3?
-220022101
What is -c3ed (base 15) in base 7?
-231460
Convert 1015 (base 10) to base 5.
13030
Convert -13310 (base 4) to base 3.
-200112
-20310110 (base 4) to base 9
-54478
Convert e9c4 (base 15) to base 13.
19687
What is 11ca6 (base 14) in base 10?
43658
What is -4763 (base 8) in base 13?
-120c
2286 (base 9) to base 11
1304
Convert 101 (base 11) to base 16.
7a
Convert 2011102 (base 3) to base 9.
2142
What is -2aa (base 16) in base 11?
-570
What is -111101 (base 4) in base 13?
-809
What is -609 (base 15) in base 10?
-1359
-20022 (base 3) to base 11
-145
-100010111000101 (base 2) to base 12
-a405
What is -100000000 (base 2) in base 10?
-256
What is -1010110011 (base 2) in base 5?
-10231
40b (base 12) to base 9
722
Convert -16447 (base 10) to base 5.
-1011242
Convert -5441 (base 6) to base 5.
-14444
-e45 (base 16) to base 8
-7105
98b2 (base 12) to base 11
11718
Convert -15121 (base 12) to base 14.
-aaa5
-10103 (base 4) to base 11
-230
What is 3233301 (base 4) in base 7?
62511
What is -57 (base 8) in base 4?
-233
What is 6265 (base 9) in base 13?
2126
Convert -570 (base 10) to base 2.
-1000111010
-102120101 (base 3) to base 14
-3106
What is 2321 (base 6) in base 13?
337
506 (base 9) to base 8
633
Convert -101210012 (base 3) to base 8.
-17266
Convert 560 (base 10) to base 6.
2332
What is 20726 (base 9) in base 8?
32621
What is -1110222021 (base 3) in base 14?
-a896
What is -133002 (base 4) in base 15?
-8c6
-10007 (base 9) to base 10
-6568
-63250 (base 8) to base 2
-110011010101000
What is -2ce (base 15) in base 7?
-1610
110032 (base 4) to base 5
20134
What is 1055345 (base 6) in base 15?
11188
Convert 10111011111001 (base 2) to base 10.
12025
111000010 (base 2) to base 10
450
Convert -50d (base 15) to base 3.
-1120011
514 (base 7) to base 6
1104
What is 260 (base 7) in base 13?
aa
Convert -101111001111001 (base 2) to base 3.
-1020011202
11100111110 (base 2) to base 9
2480
Convert -1794 (base 12) to base 8.
-5440
Convert -1110334 (base 5) to base 13.
-8b28
What is 4005 (base 8) in base 3?
2211001
-c5 (base 13) to base 8
-241
Convert -b080 (base 15) to base 14.
-d805
What is -87b (base 16) in base 10?
-2171
Convert 363a (base 15) to base 6.
125214
What is 1011 (base 2) in base 16?
b
Convert 292a5 (base 11) to base 3.
2010002102
-33131 (base 6) to base 3
-20022001
Convert -20202200 (base 3) to base 2.
-1001101000100
What is -232242 (base 5) in base 4?
-2003333
What is 112111 (base 4) in base 16?
595
-b3 (base 12) to base 9
-160
12100312 (base 4) to base 16
6436
214 (base 16) to base 3
201201
-5664 (base 7) to base 13
-c21
-27a02 (base 11) to base 13
-15175
Convert -32776 (base 8) to base 11.
-a426
Convert -425 (base 10) to base 11.
-357
-4481 (base 10) to base 12
-2715
-1127 (base 9) to base 8
-1503
What is 34133 (base 9) in base 2?
